3
What is the hundred thousands digit of 248147341?
1
What is the thousands digit of 22536960?
6
What is the tens digit of 19605082?
8
What is the units digit of 64711373?
3
What is the millions digit of 3227021035?
7
What is the ten millions digit of 741164975?
4
What is the hundred thousands digit of 3017674112?
6
What is the units digit of 19200589?
9
What is the units digit of 444156488?
8
What is the tens digit of 4477180969?
6
What is the ten thousands digit of 531109799?
0
What is the billions digit of 2039566598?
2
What is the ten millions digit of 2711608715?
1
What is the thousands digit of 7450386?
0
What is the ten millions digit of 366070909?
6
What is the ten thousands digit of 77301668?
0
What is the tens digit of 31704302?
0
What is the hundred thousands digit of 2511326054?
3
What is the billions digit of 1085807418?
1
What is the ten thousands digit of 220886298?
8
What is the thousands digit of 7583304354?
4
What is the ten millions digit of 150616841?
5
What is the units digit of 22478577?
7
What is the ten millions digit of 474696131?
7
What is the thousands digit of 19953346?
3
What is the hundreds digit of 233038167?
1
What is the units digit of 75156325?
5
What is the units digit of 93136973?
3
What is the billions digit of 1288534392?
1
What is the units digit of 35078372?
2
What is the ten millions digit of 593148694?
9
What is the hundred thousands digit of 87151784?
1
What is the ten thousands digit of 135218411?
1
What is the thousands digit of 49379759?
9
What is the millions digit of 217861892?
7
What is the millions digit of 1052884479?
2
What is the hundred thousands digit of 17497101?
4
What is the ten thousands digit of 1409010124?
1
What is the thousands digit of 475182952?
2
What is the thousands digit of 1537186107?
6
What is the ten thousands digit of 2220026415?
2
What is the ten millions digit of 441038158?
4
What is the hundred thousands digit of 45368399?
3
What is the hundreds digit of 17457759?
7
What is the tens digit of 48572769?
6
What is the tens digit of 169630772?
7
What is the hundreds digit of 20570122?
1
What is the ten millions digit of 128426360?
2
What is the ten millions digit of 3551326455?
5
What is the ten thousands digit of 2886793283?
9
What is the ten millions digit of 287811225?
8
What is the units digit of 553373535?
5
What is the ten thousands digit of 63889548?
8
What is the ten thousands digit of 66632077?
3
What is the hundred thousands digit of 527825611?
8
What is the ten millions digit of 2129691281?
2
What is the thousands digit of 6574602?
4
What is the hundred millions digit of 401363024?
4
What is the hundreds digit of 62440334?
3
What is the hundred millions digit of 188283954?
1
What is the units digit of 73110983?
3
What is the hundred millions digit of 184813820?
1
What is the thousands digit of 33906592?
6
What is the thousands digit of 260568756?
8
What is the ten millions digit of 44917349?
4
What is the tens digit of 17862765?
6
What is the hundred millions digit of 252131345?
2
What is the ten thousands digit of 23973803?
7
What is the millions digit of 101375259?
1
What is the hundred thousands digit of 167900721?
9
What is the units digit of 39857920?
0
What is the billions digit of 1865742002?
1
What is the ten thousands digit of 2744614179?
1
What is the thousands digit of 608679829?
9
What is the hundred thousands digit of 57896989?
8
What is the ten thousands digit of 7671574472?
7
What is the hundred millions digit of 2214708261?
2
What is the hundred thousands digit of 30767829?
7
What is the millions digit of 1012438854?
2
What is the tens digit of 7074381870?
7
What is the hundred millions digit of 545392777?
5
What is the millions digit of 48064885?
8
What is the tens digit of 256889429?
2
What is the millions digit of 150650059?
0
What is the millions digit of 30610528?
0
What is the hundreds digit of 1277475766?
7
What is the millions digit of 291442137?
1
What is the hundreds digit of 8917844?
8
What is the units digit of 1860213624?
4
What is the hundred thousands digit of 750714204?
7
What is the ten millions digit of 1304627011?
0
What is the units digit of 4276468?
8
What is the ten thousands digit of 49714798?
1
What is the millions digit of 70445588?
0
What is the tens digit of 347759077?
7
What is the ten millions digit of 65328949?
6
What is the hundreds digit of 145568646?
6
What is the hundreds digit of 179796370?
3
What is the units digit of 42979602?
2
What is the thousands digit of 2617159562?
9
What is the units digit of 202929895?
5
What is the ten millions digit of 70574822?
7
What is the ten millions digit of 1723595746?
2
What is the millions digit of 1198709664?
8
What is the billions digit of 1371561988?
1
What is the thousands digit of 108394856?
4
What is the ten thousands digit of 17871520?
7
What is the thousands digit of 198997018?
7
What is the thousands digit of 3460398?
0
What is the hundreds digit of 1278423736?
7
What is the hundred thousands digit of 50688766?
6
What is the thousands digit of 72944280?
4
What is the units digit of 159230236?
6
What is the thousands digit of 579169153?
9
What is the ten thousands digit of 2123941602?
4
What is the millions digit of 6737723?
6
What is the units digit of 6003784?
4
What is the hundred millions digit of 3314327995?
3
What is the units digit of 136543436?
6
What is the ten thousands digit of 107120595?
2
What is the tens digit of 607144287?
8
What is the millions digit of 100349748?
0
What is the ten millions digit of 925294762?
2
What is the thousands digit of 2393125298?
5
What is the millions digit of 1061937303?
1
What is the units digit of 283695057?
7
What is the ten thousands digit of 1527109708?
0
What is the thousands digit of 1901006389?
6
What is the ten thousands digit of 53379838?
7
What is the ten thousands digit of 113796626?
9
What is the millions digit of 33957233?
3
What is the units digit of 503707968?
8
What is the hundred thousands digit of 50027318?
0
What is the tens digit of 13157731?
3
What is the hundred thousands digit of 829263065?
2
What is the ten millions digit of 1918230024?
1
What is the thousands digit of 21461236?
1
What is the billions digit of 1023588471?
1
What is the thousands digit of 10014855?
4
What is the tens digit of 26973421?
2
What is the units digit of 847381530?
0
What is the hundreds digit of 169087123?
1
What is the thousands digit of 39338263?
8
What is the hundreds digit of 100457091?
0
What is the thousands digit of 117160658?
0
What is the hundred thousands digit of 277714445?
7
What is the hundred thousands digit of 357065582?
0
What is the hundred thousands digit of 1235390864?
3
What is the thousands digit of 44453041?
3
What is the millions digit of 74641930?
4
What is the tens digit of 18376339?
3
What is the hundred thousands digit of 54778397?
7
What is the tens digit of 1719708965?
6
What is the ten millions digit of 1482250228?
8
What is the hundred thousands digit of 24043702?
0
What is the units digit of 192787797?
7
What is the hundred thousands digit of 1526833536?
8
What is the hundreds digit of 4754231?
2
What is the ten thousands digit of 67366643?
6
What is the millions digit of 735949854?
5
What is the units digit of 3090734140?
0
What is the tens digit of 222931477?
7
What is the hundred millions digit of 767045023?
7
What is the millions digit of 203310557?
3
What is the units digit of 15186900?
0
What is the ten millions digit of 254493781?
5
What is the hundred thousands digit of 520722863?
7
What is the hundreds digit of 75195916?
9
What is the millions digit of 374460647?
4
What is the ten millions digit of 24855616?
2
What is the hundred millions digit of 337537699?
3
What is the hundreds digit of 481005660?
6
What is the ten thousands digit of 58819539?
1
What is the units digit of 254713268?
8
What is the hundred thousands digit of 25941286?
9
What is the ten millions digit of 6333114293?
3
What is the units digit of 85840493?
3
What is the millions digit of 1633145319?
3
What is the billions digit of 6518510178?
6
What is the units digit of 3803258965?
5
What is the thousands digit of 84020058?
0
What is the thousands digit of 2891862869?
2
What is the ten millions digit of 164263433